- (16 - (-3 + 22)).
34
Calculate 0 + -4 + 10 + (-18 - -12).
0
What is (-4 - 2) + (3 - -4) + -8?
-7
Calculate 0 + (1 - 4) - -5 - (-3 + 17).
-12
(9 - -12 - -5) + -6
20
Evaluate 37 - (59 + -21) - (-15 + 2).
12
What is the value of -7 - (1 + -8 + 5 + -3)?
-2
What is 176 + -197 + (-3 - -15)?
-9
What is the value of (2 - 21) + 10 + (-6 - (10 + -3))?
-22
Calculate -17 - (-4 + (-8 - -8) + 1 + -4).
-10
Calculate 12 - (9 - (-5 - -14)).
12
What is (13 - -1) + (-45 - -34)?
3
Calculate -19 + 5 + -6 + 3 + -6 + 11.
-12
What is the value of -2 - (5 - (4 - -6)) - -6?
9
(2 - -9) + (12 - 25) + -5
-7
Evaluate -15 + (-10 - (-13 - 0)).
-12
Calculate 0 + (-1 - -2) + (-319 - -324).
6
What is -15 - -2 - (-323 + 298)?
12
Evaluate (-1 - 3) + -7 + 12 + -8 - -11.
4
Evaluate (24 - 20) + (2 - 22) + (-9 - -12).
-13
Evaluate (0 - -4) + (-28 + 34 - 28).
-18
What is 6 + (2 - (0 + (2 - -2))) + 6?
10
What is the value of -6 - ((9 - (2 - -4)) + -13) - -12?
16
Evaluate (-12 - 1) + (-22 - (-10 - 7)).
-18
-36 + (-32 - 2) + 30
-40
Calculate -8 - (5 - (18 + 8 + -11)).
2
What is the value of -16 + 7 + 12 + -12 + -5?
-14
What is 16 - (26 - 1) - -33?
24
Evaluate 5 + (1 - 7) + -2 + -8.
-11
Calculate -3 + 2 - 26 - (25 + -7 + -22).
-23
What is the value of -8 + (16 - ((-8 - 19) + 6))?
29
What is -11 + -5 - (-21 + 13) - 6?
-14
Evaluate -2 + -2 + 82 + -78 + -11 + 1.
-10
Calculate -8 - ((4 - -11) + -46).
23
Calculate (-4 - (-21 + 10)) + 0.
7
What is the value of 16 + -16 + 4 + 11?
15
Evaluate 2 + (1 - 9) - (-793 + 785).
2
(35 - 51) + 19 - (-1 + 21 + 1)
-18
Evaluate -25 - 2 - -32 - (11 - -1).
-7
163 - 143 - (35 + -1) - (3 + 1)
-18
What is 0 - 5 - (5 + 1 + (210 - 219))?
-2
Evaluate (-11 - (1 + 2 + -7)) + (22 - -3).
18
(-6 - (44 + -17)) + 44
11
Calculate 11 - 3 - (42 - 31) - (9 + 0).
-12
Calculate -353 + 308 - (0 - 24).
-21
-6 + (5 - (-1 + -8))
8
Evaluate -26 + 21 + -16 + (-6 - -5).
-22
(16 - 23) + -20 + (-7 - -17)
-17
Evaluate -10 - (-3 - (-2 + 4 + (13 - 16))).
-8
Calculate 5 - (2 - 9 - (11 - 20) - -2).
1
(6 - -5) + -7 - -4 - 2
6
7 - (-6 + 7 - (-5 + 1))
2
What is the value of 2 + (-8 - (-14 - -2)) + -2?
4
Evaluate 7 + (-4 - -2) + -1 + 0 - -7.
11
Evaluate -28 - (-16 - (16 - -20)).
24
Evaluate -23 + 27 + (67 - 40).
31
Evaluate 2 - (-13 + 21 + -9) - -16.
19
Calculate 1 + -18 + (25 - -11).
19
-18 + (-1 - 13 - -1 - (-1271 - -1266))
-26
Evaluate -15 - (-30 + 28) - -1.
-12
What is the value of 55 + -39 - (43 - 1)?
-26
What is the value of (-30 - (-15 - 20)) + (-24 - 1)?
-20
What is the value of 18 - 4 - 8 - -14?
20
What is 7 - (-54 + 70 - (-6 - -2))?
-13
What is the value of (-1 - 13) + (-12 - -75) + -28?
21
Evaluate 34 + 9 + -3 + (6 + -3 - 10).
33
Calculate 2 + -2 + -5 + (14 - (3 + 5)).
1
What is -3 - (-5 + -22 - -17)?
7
-12 - -11 - (-2 + 3 + 3)
-5
Calculate -6 + 32 + -90 + 34.
-30
What is (-37 - -33) + -2 + (-1 - -1) + 4?
-2
Evaluate 4 + (-21 - 5) - -4 - -7.
-11
What is (36 + -64 - 3) + 3 + 14?
-14
(-21 - -4) + 23 + 14
20
Evaluate (19 - 0) + (-47 - -56 - 48).
-20
What is -18 + 15 + (20 - 0) + -3?
14
Calculate 7 + 4 + -15 - (-3 - 0 - 0).
-1
Evaluate 12 + -7 + 32 + -26.
11
What is the value of 5 + 0 + -19 - ((-5 - 1) + -1)?
-7
Evaluate 5 - (-9 + (2 - -3) - (24 - 30)).
3
What is the value of 13 - 4 - (-5 - (-13 - -4)) - 0?
5
Evaluate 0 + -25 + 12 + 12.
-1
What is the value of 6 + -1 + (-6 - -10) - 6?
3
4 + -17 + 1 + -3 + -7
-22
Calculate (-10 - ((-14 - -11) + -9)) + -20.
-18
Calculate -1 + -7 + 0 + 59 + -60 + -9.
-18
What is -22 + (16 - (1 - 6))?
-1
What is the value of 1 - (12 + 1 - (2 - -7))?
-3
Calculate (29 - (27 - -35)) + 27.
-6
What is -1 - (-4 - (-2 + -5)) - 4 - -7?
-1
Evaluate (9 - 7) + (-2 + 5 - 2) - 4.
-1
-33 + (31 - (-2 + -8))
8
Evaluate -2 - 9 - (444 - 439).
-16
What is 51 + -44 - (0 - (2 + -1 + -5))?
3
(-15 - (4 + -13)) + 4 + 16
14
Calculate -1 + (17 - 5 - (8 - 5) - 3).
5
What is -11 + (56 + -57 - (2 + -16))?
2
What is the value of 0 + 7 + -15 + -1 + -15?
-24
-161 + 157 + (1 + 1 - -31)
29
What is 5 - ((-23 - -11) + 6 + (-1 - 1))?
13
What is the value of (6 - (-13 - -23)) + (4 - 7)?
-7
Evaluate 17 + -1 - (-54 - (-109 - -27)).
-12
38 + (-49 - 6) + 1 + 28
12
Evaluate 9 + -8 + (1 - -3) + 0 + -8.
-3
What is the value of 13 - (-26 + 48) - (-8 - -2)?
-3
What is the value of -13 - (4 + -1 + (-1 + -2 - -6))?
-19
What is -14 + (14 - 9) + 2 - -30?
23
-493 + 496 - (-15 + 0)
18
Calculate -15 + (-8 + 0 + 4 - -7).
-12
What is (1 - -7) + (-4 - 16)?
-12
Calculate 1 + (-10 + -1 - (-7 + 2)) + 2.
-3
Calculate 25 - (-15 - (-11 + -17)).
12
What is the value of -10 + 9 - ((9 - 1) + -13)?
4
Calculate (7 - (-18 - -16)) + 27 - 19.
17
Evaluate 19 - (3 + 18 + -32).
30
6 + -7 + (-27 - -35)
7
Evaluate 8 + (7 + 3 - 12).
6
What is the value of 374 - 397 - (10 + -1 - -3)?
-35
8 + -2 - (-2 + (1 - 11) - -8)
10
Evaluate ((2 - 1) + -3 - -7) + 2 + 10.
17
Evaluate -9 + (1 - (18 + (-4 - -4) + -8)).
-18
-15 + -2 - -18 - (0 + 17 + 1)
-17
(-10 - (-6 + 11 - 7 - 6)) + 4
2
What is the value of 0 + (-3 - -2 - (0 - -5))?
-6
-24 - (20 - 47) - (28 + -4)
-21
Calculate -6 - (-7 + 4 + -12) - 5.
4
Evaluate 9 + -8 - ((15 - 0) + -3).
-11
Evaluate -3 + 10 - (-9 + 19).
-3
What is -8 - (-61 - -55 - (-5 + 0))?
-7
Calculate -11 - (3 + -7) - (-8 - (-2 - 0)).
-1
What is the value of 3 + -2 - (1 - 1 - (-152 + 144))?
-7
What is -42 + (-13 - (-6 + -8) - -17)?
-24
4 - 0 - -6 - (-1 - -5 - -1)
5
What is the value of 6 + -12 + 4 + -11 + -2 + 2?
-13
What is the value of 2 + -1 + 2 + -9 - (-1636 + 1612)?
18
3 - (5 + 3 + -3 - 7)
5
-4 - ((-4 - 5) + -11 + 13 + 4)
-1
Evaluate (-3 - -5) + -7 + -79 + 73.
-11
What is the value of -13 + 19 - ((9 - 6) + (-14 - -2))?
15
Evaluate -20 - (13 + -15) - -46.
28
What is -38 + 37 + 29 + -37?
-9
Calculate 8 + (27 - 18 - 27).
-10
What is (-7 - (11 + 0)) + 2 + 4 + 4?
-8
13 + ((18 - 3) + -27 - 33)
-32
What is -199 + 213 - (-9 - -1)?
22
Calculate -5 - (9 + -8 - 3) - 1.
-4
-16 - (-9 - (-13 + 30))
10
-14 - (-9 + 6) - (-8 + -1)
-2
Calculate -7 - ((-5 + 9 - -3) + (-11 - -5)).
-8
Calculate (-1 - -3 - (4 - 4)) + (-34 - -17).
-15
Calculate 11 - -23 - (-16 - -40).
10
Evaluate 8 + -15 + 25 + -6.
12
Evaluate (0 - -7) + (39 - 45) - (34 - 11).
-22
-26 - (-7 + (-10 - (4 + -5)) + 9)
-19
What is -7 + 4 + 20 + (-10 - (-9 - 11))?
27
13 + -18 + -8 + 5 - -26
18
Evaluate (8 - (13 + -19 + 9)) + -1 + -2.
2
Calculate -8 - -3 - (81 + -97).
11
What is (7 - 5 - (1 + -2)) + 1 + -24?
-20
Evaluate (36 + -50 - -37) + -4 + -2.
17
What is the value of 19 + (-15 - (-8 + -4))?
16
What is the value of (-1 - -6) + (-9 - 2) - (88 + -78)?
-16
What is 14 - (-9 + -16 + 22)?
17
-7 - (-1 - ((-1 - -8) + -6))
-5
27 + 34 + -73 + (-1 - 0)
-13
What is -317 - -314 - (11 + (0 - 0))?
-14
What is (0 - -14 - 23) + -5?
-14
Calculate 5 + -3 - (12 - 5).
-5
What is 18 + (-21 - 7) + 0?
-10
What is (-15 - (24 + -68)) + -3?
26
What is 25 + (-25 - (7 - 13))?
6
3 + 12 + -5 + -4 + -7
-1
Evaluate 9 - 3 - (-11 + 24).
-7
What is (-26 - 1) + (45 - 50 - (-14 + 1))?
-19
Calculate (-1 - 5) + -4 + 19 + -19.
-10
What is 15 - (13 - 9) - 12?
-1
Calculate -3 - (-18 + 3) - (-1 + 6).
7
What is -2 + 16 - (23 + -12 + -27 - -10)?
20
5 - (10 + ((0 - 3) + -4 - -1))
1
Evaluate 10 + 2 + -1 + -45 + 18 + -12.
-28
Evaluate -12 + (20 - -12) + (0 - -4 - 3).
21
-1 + -3 + (-24 - (-27 - -7))
-8
What is the value of -32 + -1 + (-251 - -272)?
-12
What is the value of 0 - 2 - (-5 - (5 + -4 + 0))?
4
Calculate 7 - ((6 - (13 - 9)) + -1 + 7).
-1
What is 1 - 13 - (-17 - 0 - (288 - 300))?
-7
Calculate -11 + 5 + 22 + (11 - 7) + 0.
20
Evaluate 0 - 2 - (4 + (-13 - (9 - 19))).
-3
Evaluate 7 + 1 + (-16 + 42 + 2 - 27).
9
What is 1 - 0 - (0 - 1) - (-2695 + 2693)?
4
What is the value of 26 - ((7 - (-1 - -21)) + 6)?
33
What is 9 + ((2 - -4) + -23 - -9)?
1
Calculate 3 + -1 - 3 - (54 + -22 + -26).
-7
Calculate -52 + (27 - -25) + 19 + 1.
20
Evaluate -3 + 5 + -25 + 13 + 7.
-3
(14 - 27) + 8 - 14
-19
What is -42 + 24 + 13 - (-10 + 1) - 0?
4
Calculate -3 + 14 + 6 + -8 - 12 - -3.
0
Calculate -31 - (-18 + (-18 - -18)).
-13
What is (-18 - -3) + 12 + -16 + 0?
-19
What is -10 - (-14 - 2) - 8?
-2
(-8 - 0) + 67 + -51 - (9 - 38)
37
What is -2 + -7 + (0 - (-18 + 20))?
-11
What is -7 - -13 - (-5 - (-1 - -4))?
14
What is 198 - 193 - (0 - -2 - 6)?
9
What is -3 + (2 - -3) - (14 + -11) - 13?
-14
What is (6 - 20) + (-12 - 4) + -4?
-34
What is 18 + (19 - 37) 